the remainder when 537316 is divided by 40?
36
What is the remainder when 745862 is divided by 70?
12
What is the remainder when 638911 is divided by 14?
7
Calculate the remainder when 7331 is divided by 68.
55
Calculate the remainder when 21988 is divided by 1690.
18
Calculate the remainder when 1772 is divided by 179.
161
What is the remainder when 615366 is divided by 104?
102
What is the remainder when 23233 is divided by 290?
33
Calculate the remainder when 240106 is divided by 79993.
127
Calculate the remainder when 47459 is divided by 15.
14
Calculate the remainder when 121069 is divided by 3272.
5
What is the remainder when 98324 is divided by 233?
231
Calculate the remainder when 15719 is divided by 60.
59
What is the remainder when 1929 is divided by 1867?
62
What is the remainder when 269806 is divided by 7?
5
Calculate the remainder when 153716 is divided by 48.
20
What is the remainder when 12259 is divided by 763?
51
Calculate the remainder when 4935 is divided by 977.
50
Calculate the remainder when 10312 is divided by 463.
126
What is the remainder when 1046 is divided by 774?
272
What is the remainder when 2395 is divided by 33?
19
Calculate the remainder when 23481 is divided by 267.
252
What is the remainder when 5385 is divided by 9?
3
Calculate the remainder when 3507 is divided by 68.
39
What is the remainder when 17752 is divided by 2218?
8
Calculate the remainder when 63099 is divided by 7011.
0
Calculate the remainder when 1468 is divided by 216.
172
Calculate the remainder when 4625 is divided by 48.
17
What is the remainder when 33706 is divided by 1052?
42
What is the remainder when 254815 is divided by 84916?
67
Calculate the remainder when 2525 is divided by 2506.
19
What is the remainder when 14643 is divided by 4871?
30
Calculate the remainder when 2672 is divided by 1258.
156
Calculate the remainder when 110387 is divided by 415.
412
Calculate the remainder when 585151 is divided by 585136.
15
Calculate the remainder when 23578 is divided by 5893.
6
Calculate the remainder when 1674 is divided by 193.
130
What is the remainder when 1875 is divided by 881?
113
What is the remainder when 11714 is divided by 482?
146
What is the remainder when 1721 is divided by 460?
341
Calculate the remainder when 19279 is divided by 1156.
783
Calculate the remainder when 1258 is divided by 228.
118
What is the remainder when 5071 is divided by 2461?
149
Calculate the remainder when 1863 is divided by 185.
13
What is the remainder when 22498 is divided by 22486?
12
Calculate the remainder when 46860 is divided by 381.
378
Calculate the remainder when 44707 is divided by 23.
18
Calculate the remainder when 1179 is divided by 745.
434
Calculate the remainder when 5218 is divided by 307.
306
Calculate the remainder when 214646 is divided by 47.
44
What is the remainder when 421537 is divided by 143?
116
Calculate the remainder when 19864 is divided by 3972.
4
Calculate the remainder when 25354 is divided by 6.
4
Calculate the remainder when 7363 is divided by 165.
103
Calculate the remainder when 124315 is divided by 105.
100
What is the remainder when 7477 is divided by 944?
869
What is the remainder when 13951 is divided by 552?
151
Calculate the remainder when 944092 is divided by 92.
80
What is the remainder when 5706 is divided by 1889?
39
What is the remainder when 15712 is divided by 5131?
319
What is the remainder when 1473 is divided by 1463?
10
What is the remainder when 15243 is divided by 99?
96
What is the remainder when 123408 is divided by 942?
6
Calculate the remainder when 6694 is divided by 6591.
103
What is the remainder when 81 is divided by 23?
12
What is the remainder when 2067713 is divided by 61?
57
What is the remainder when 5333 is divided by 280?
13
What is the remainder when 1343 is divided by 462?
419
What is the remainder when 71153 is divided by 1779?
1772
Calculate the remainder when 17344 is divided by 97.
78
What is the remainder when 127 is divided by 16?
15
What is the remainder when 12267 is divided by 109?
59
What is the remainder when 179036 is divided by 127?
93
What is the remainder when 6301 is divided by 1569?
25
What is the remainder when 1475996 is divided by 31?
24
Calculate the remainder when 31558 is divided by 47.
21
Calculate the remainder when 177955 is divided by 22.
19
What is the remainder when 2578156 is divided by 522?
520
Calculate the remainder when 193766 is divided by 30.
26
What is the remainder when 801263 is divided by 42?
29
What is the remainder when 2985 is divided by 111?
99
Calculate the remainder when 16024 is divided by 3838.
672
Calculate the remainder when 12995 is divided by 556.
207
What is the remainder when 576238 is divided by 16?
14
Calculate the remainder when 740607 is divided by 117.
114
What is the remainder when 3722 is divided by 20?
2
Calculate the remainder when 1136 is divided by 110.
36
What is the remainder when 26182 is divided by 557?
3
Calculate the remainder when 540002 is divided by 13.
8
Calculate the remainder when 172114 is divided by 63.
61
Calculate the remainder when 72975 is divided by 41.
36
Calculate the remainder when 201379 is divided by 109.
56
What is the remainder when 13744 is divided by 140?
24
Calculate the remainder when 432300 is divided by 657.
651
What is the remainder when 16745 is divided by 8369?
7
Calculate the remainder when 14990 is divided by 8.
6
Calculate the remainder when 68095 is divided by 56.
55
Calculate the remainder when 777 is divided by 306.
165
Calculate the remainder when 56665 is divided by 56.
49
What is the remainder when 2035 is divided by 112?
19
What is the remainder when 60844 is divided by 1318?
216
Calculate the remainder when 6361 is divided by 141.
16
What is the remainder when 52828 is divided by 927?
916
What is the remainder when 81970 is divided by 547?
467
Calculate the remainder when 18899 is divided by 258.
65
What is the remainder when 6769 is divided by 261?
244
What is the remainder when 1908 is divided by 273?
270
Calculate the remainder when 1167 is divided by 388.
3
Calculate the remainder when 28187 is divided by 397.
0
Calculate the remainder when 143030 is divided by 217.
27
What is the remainder when 852791 is divided by 27509?
12
What is the remainder when 2635 is divided by 884?
867
Calculate the remainder when 232055 is divided by 261.
26
Calculate the remainder when 22327 is divided by 41.
23
What is the remainder when 9539 is divided by 1940?
1779
Calculate the remainder when 65252 is divided by 438.
428
What is the remainder when 6714 is divided by 67?
14
Calculate the remainder when 4732 is divided by 166.
84
Calculate the remainder when 532 is divided by 409.
123
Calculate the remainder when 238831 is divided by 16.
15
What is the remainder when 8998 is divided by 2994?
16
What is the remainder when 129748 is divided by 162?
148
What is the remainder when 3190 is divided by 325?
265
Calculate the remainder when 34404 is divided by 15.
9
Calculate the remainder when 2521 is divided by 84.
1
What is the remainder when 170745 is divided by 176?
25
What is the remainder when 1924427 is divided by 269?
1
Calculate the remainder when 41523 is divided by 295.
223
What is the remainder when 30358 is divided by 15162?
34
What is the remainder when 9480 is divided by 745?
540
What is the remainder when 3166 is divided by 519?
52
What is the remainder when 37923 is divided by 650?
223
What is the remainder when 1249 is divided by 620?
9
What is the remainder when 2054 is divided by 418?
382
What is the remainder when 4547 is divided by 909?
2
Calculate the remainder when 180177 is divided by 33.
30
Calculate the remainder when 121405 is divided by 218.
197
Calculate the remainder when 32233 is divided by 732.
25
What is the remainder when 30887 is divided by 214?
71
Calculate the remainder when 661 is divided by 50.
11
What is the remainder when 1791 is divided by 533?
192
Calculate the remainder when 592656 is divided by 62.
60
Calculate the remainder when 8773 is divided by 1928.
1061
What is the remainder when 546381 is divided by 48?
45
Calculate the remainder when 20984 is divided by 19.
8
Calculate the remainder when 3500 is divided by 497.
21
Calculate the remai